{"id":43,"date":"2018-08-06T16:38:09","date_gmt":"2018-08-06T14:38:09","guid":{"rendered":"https:\/\/www.nuviline.fr\/info\/?page_id=43"},"modified":"2025-05-23T15:15:09","modified_gmt":"2025-05-23T13:15:09","slug":"les-differents-types-de-collagene","status":"publish","type":"page","link":"https:\/\/www.nuviline.fr\/info\/les-differents-types-de-collagene\/","title":{"rendered":"Les diff\u00e9rents types de collag\u00e8ne"},"content":{"rendered":"<p><strong>La prot\u00e9ine de collag\u00e8ne est pr\u00e9sente naturellement\u00a0dans l&rsquo;organisme<\/strong>. Cette prot\u00e9ine, compos\u00e9e d&rsquo;acides amin\u00e9s, est la plus abondante dans le corps humain. Le collag\u00e8ne a diff\u00e9rentes fonctions au sein de l&rsquo;organisme. Au cours du temps, la synth\u00e8se du collag\u00e8ne se fait moins bien, d&rsquo;o\u00f9 l&rsquo;int\u00e9r\u00eat d&rsquo;une suppl\u00e9mentation pour b\u00e9n\u00e9ficier des <a href=\"https:\/\/www.nuviline.fr\/info\/collagene-marin\/\">bienfaits du collag\u00e8ne marin<\/a> sous forme hydrolys\u00e9e.<\/p>\n<h2>Les diff\u00e9rentes fonctions du collag\u00e8ne<\/h2>\n<p>Une de ces fonctions est de <strong>fixer le calcium sur les os<\/strong>, permettant ainsi de\u00a0pr\u00e9server les articulations et de <strong>pr\u00e9venir l&rsquo;arthrose<\/strong>.<br \/>\nLe collag\u00e8ne est \u00e9galement <strong>b\u00e9n\u00e9fique pour la peau<\/strong>. Il\u00a0permet, en effet, aux tissus de l&rsquo;\u00e9piderme de se r\u00e9g\u00e9n\u00e9rer et de pr\u00e9server son \u00e9lasticit\u00e9.<\/p>\n<p><img loading=\"lazy\" decoding=\"async\" class=\"alignnone size-full wp-image-281\" src=\"https:\/\/www.nuviline.fr\/info\/wp-content\/uploads\/2018\/10\/differents-types-de-collagene.jpg\" alt=\"Les diff\u00e9rents types de collag\u00e8ne\" width=\"870\" height=\"277\" srcset=\"https:\/\/www.nuviline.fr\/info\/wp-content\/uploads\/2018\/10\/differents-types-de-collagene.jpg 870w, https:\/\/www.nuviline.fr\/info\/wp-content\/uploads\/2018\/10\/differents-types-de-collagene-300x96.jpg 300w, https:\/\/www.nuviline.fr\/info\/wp-content\/uploads\/2018\/10\/differents-types-de-collagene-768x245.jpg 768w\" sizes=\"auto, (max-width: 870px) 100vw, 870px\" \/><\/p>\n<p>Un fait peu connu est qu&rsquo;il existe au moins 16 types diff\u00e9rents de collag\u00e8ne dans le corps humain. Il s&rsquo;agit notamment des types de collag\u00e8ne 1, 2, 3, 5 et 10. Dans l\u2019organisme, selon les cellules, tissus et matrices prot\u00e9iques consid\u00e9r\u00e9s, les combinaisons des \u00e9l\u00e9ments \u00ab\u00a0briques\u00a0\u00bb appel\u00e9s acides amin\u00e9s peuvent \u00eatre diff\u00e9rentes, conduisant \u00e0 des structures et des fonctions propres. Ainsi est classifi\u00e9e sous diff\u00e9rents types.<\/p>\n<p>Cependant, la grande majorit\u00e9 du collag\u00e8ne &#8211; entre 80 % et 90 % &#8211; se compose <strong>des types 1, 2 et 3<\/strong>.<\/p>\n<h2>Quels sont les diff\u00e9rents types de collag\u00e8ne ?<\/h2>\n<p>Voici un aper\u00e7u des diff\u00e9rents types de collag\u00e8ne, des sources de collag\u00e8ne et de leurs principaux bienfaits afin que vous puissiez d\u00e9terminer quel type de collag\u00e8ne est le plus int\u00e9ressant :<\/p>\n<ul>\n<li><strong>Type 1\/Type I :<\/strong> C&rsquo;est de loin le type de collag\u00e8ne le plus abondant et presque consid\u00e9r\u00e9 comme le plus fort que l&rsquo;on trouve dans le corps humain. On le retrouve dans la plupart des parties du corps, les tendons, les ligaments, les organes et la peau (derme). Le collag\u00e8ne de type 1 aide aussi \u00e0 former les os et se trouve dans le tube digestif. C&rsquo;est tr\u00e8s important pour la cicatrisation de la plaie, pour donner \u00e0 la peau sa qualit\u00e9 \u00e9lastique et extensible, et pour maintenir les tissus ensemble afin qu&rsquo;ils ne se d\u00e9chirent pas (tissu conjonctif).<\/li>\n<li><strong>Type 2\/Type II :<\/strong> Le collag\u00e8ne de type 2 aide principalement \u00e0 construire le cartilage, qui se trouve dans les tissus conjonctifs. La sant\u00e9 de nos articulations repose sur le cartilage fait de collag\u00e8ne de type 2. C&rsquo;est pourquoi il est b\u00e9n\u00e9fique pour pr\u00e9venir les douleurs articulaires li\u00e9es \u00e0 l&rsquo;\u00e2ge ou les sympt\u00f4mes de l&rsquo;arthrite.<\/li>\n<li><strong>Type 3\/Type III :<\/strong> Le collag\u00e8ne de type 3 est compos\u00e9 de fibres r\u00e9ticulaires et constitue un composant majeur de la matrice extracellulaire qui constitue nos organes et notre peau. On la retrouve habituellement avec le type 1 et elle aide \u00e0 donner \u00e0 la peau son \u00e9lasticit\u00e9 et sa fermet\u00e9. On le retrouve \u00e9galement dans les vaisseaux sanguins et les tissus \u00e0 l&rsquo;int\u00e9rieur du c\u0153ur. Pour ces raisons, la carence en collag\u00e8ne de type 3 a \u00e9t\u00e9 associ\u00e9e \u00e0 un risque plus \u00e9lev\u00e9 de rupture des vaisseaux sanguins et m\u00eame de mort pr\u00e9coce, selon les r\u00e9sultats de certaines \u00e9tudes animales.<\/li>\n<li><strong>Type 4\/Type IV :<\/strong> Le collag\u00e8ne de type 4 a la fonction importante de former une lame basale, que l&rsquo;on trouve dans les cellules endoth\u00e9liales qui forment les tissus qui entourent les organes, les muscles et la graisse. Les lamelles basales sont n\u00e9cessaires pour diverses fonctions des nerfs et des vaisseaux sanguins. Ils tapissent la majorit\u00e9 de nos organes digestifs et des surfaces respiratoires. La lame basale se trouve dans les espaces entre la couche sup\u00e9rieure de peau\/tissu et la couche la plus profonde. Il s&rsquo;agit d&rsquo;une mince couche de liquide g\u00e9lifi\u00e9 qui sert de coussin ou de rembourrage pour les tissus qui se trouvent au-dessus.<\/li>\n<li><strong>Type 5\/Type V :<\/strong> Ce type de collag\u00e8ne est n\u00e9cessaire pour faire la surface des cellules, ainsi que des m\u00e8ches de cheveux et des tissus trouv\u00e9s dans les placenta f\u00e9minins (l&rsquo;organe qui se d\u00e9veloppe dans l&rsquo;ut\u00e9rus pendant la grossesse, fournit de l&rsquo;oxyg\u00e8ne et des nutriments au b\u00e9b\u00e9 en croissance, et \u00e9limine les d\u00e9chets).<\/li>\n<li><strong>Type 10\/Type X :<\/strong> Le type 10 aide \u00e0 la formation de nouveaux os et \u00e0 la formation du cartilage articulaire. Elle est impliqu\u00e9e dans le processus d&rsquo;ossification endochondrale, qui est la fa\u00e7on dont le tissu osseux est cr\u00e9\u00e9 chez les mammif\u00e8res. Il s&rsquo;est av\u00e9r\u00e9 b\u00e9n\u00e9fique pour la cicatrisation des fractures osseuses et la r\u00e9paration des articulations synoviales.<\/li>\n<\/ul>\n","protected":false},"excerpt":{"rendered":"<p>La prot\u00e9ine de collag\u00e8ne est pr\u00e9sente naturellement\u00a0dans l&rsquo;organisme. Cette prot\u00e9ine, compos\u00e9e d&rsquo;acides amin\u00e9s, est la plus abondante dans le corps humain. Le collag\u00e8ne a diff\u00e9rentes fonctions au sein de l&rsquo;organisme. Au cours du temps, la synth\u00e8se du collag\u00e8ne se fait moins bien, d&rsquo;o\u00f9 l&rsquo;int\u00e9r\u00eat d&rsquo;une suppl\u00e9mentation pour b\u00e9n\u00e9ficier des bienfaits du collag\u00e8ne marin sous forme [&hellip;]<\/p>\n","protected":false},"author":1,"featured_media":0,"parent":596,"menu_order":0,"comment_status":"closed","ping_status":"closed","template":"page-coll.php","meta":{"_seopress_robots_primary_cat":"","_seopress_titles_title":"Les diff\u00e9rents types de collag\u00e8ne - Leurs principaux bienfaits","_seopress_titles_desc":"Voici un aper\u00e7u des diff\u00e9rents types de collag\u00e8ne, des sources de collag\u00e8ne et de leurs principaux bienfaits afin que vous puissiez d\u00e9terminer quel type est le plus int\u00e9ressant.","_seopress_robots_index":"","footnotes":""},"class_list":["post-43","page","type-page","status-publish","hentry"],"_links":{"self":[{"href":"https:\/\/www.nuviline.fr\/info\/wp-json\/wp\/v2\/pages\/43","targetHints":{"allow":["GET"]}}],"collection":[{"href":"https:\/\/www.nuviline.fr\/info\/wp-json\/wp\/v2\/pages"}],"about":[{"href":"https:\/\/www.nuviline.fr\/info\/wp-json\/wp\/v2\/types\/page"}],"author":[{"embeddable":true,"href":"https:\/\/www.nuviline.fr\/info\/wp-json\/wp\/v2\/users\/1"}],"replies":[{"embeddable":true,"href":"https:\/\/www.nuviline.fr\/info\/wp-json\/wp\/v2\/comments?post=43"}],"version-history":[{"count":9,"href":"https:\/\/www.nuviline.fr\/info\/wp-json\/wp\/v2\/pages\/43\/revisions"}],"predecessor-version":[{"id":899,"href":"https:\/\/www.nuviline.fr\/info\/wp-json\/wp\/v2\/pages\/43\/revisions\/899"}],"up":[{"embeddable":true,"href":"https:\/\/www.nuviline.fr\/info\/wp-json\/wp\/v2\/pages\/596"}],"wp:attachment":[{"href":"https:\/\/www.nuviline.fr\/info\/wp-json\/wp\/v2\/media?parent=43"}],"curies":[{"name":"wp","href":"https:\/\/api.w.org\/{rel}","templated":true}]}}